n(m) = -1. Let b(a) = 12*n(a) - q(a). Give b(7).
-28
Let v(p) = 12*p**2 + p - 1. Let h = -6 + 7. Give v(h).
12
Let p(i) = 3*i**3 - i**2 + 2*i - 2. Let y be p(1). Let t(z) = -5*z**2 - z + 2 - 6*z**2 + 10*z**2. What is t(y)?
-4
Let t(j) = -2*j**3 + j**2 + 4*j - 3. Let a be t(2). Let s(u) = u**3 + 6*u**2 - 7*u + 3. Give s(a).
3
Let h(l) = 5 - l + 0*l**2 + 4*l - l**2 + l. Determine h(4).
5
Let u(f) = -8*f + 0*f + 3*f + 10*f. Suppose 0 = -2*s + 4*t + 6 - 18, 17 = -2*s + 5*t. Suppose 5*o + 1 = i + 3, s*o + 5 = 3*i. Give u(o).
5
Let y(h) = 4*h**2 + 6*h - 2. Let c(r) = -10*r**2 - 2*r - 3. Let n(l) = 9*l**2 + 3*l + 2. Let k(z) = 4*c(z) + 5*n(z). Let u(q) = -5*k(q) + 6*y(q). Give u(0).
-2
Let g(t) = 2*t + 8. Suppose 4*y + 40 = 4*u, 2 = -u - 0*u - 2*y. Determine g(u).
20
Let y be 3/6 - 8/(-16). Let c(t) = -12*t**3 + t**2 - 1. Determine c(y).
-12
Let m(k) = -k**2 + k + 1 + 0 - 3. Suppose 0*p = p - 2. Suppose 12 = 2*c + p*t, -4*c + 1 = -3*t - 2. Calculate m(c).
-8
Suppose -7*r + 5*r = 8. Let b(m) be the second derivative of -m**5/20 - 5*m**4/12 - m**3/2 - m**2/2 + m. Determine b(r).
-5
Let y = 16 - 15. Let t(o) = -o**2 + 5*o - 1. Let l(f) = -f**2 + f. Let w(v) = y*t(v) - 3*l(v). Give w(-3).
11
Let y be (-4)/18 + (-76)/(-18). Suppose 5*k + 27 = 3*q - 7*q, 12 = -y*k. Let g(t) = t**3 + t**2 - 3*t - 2. Give g(q).
-11
Let b(k) = -3 - 3*k**2 - 3*k + 3*k**2 - k**2. Suppose 5*d = -2*q - 9, q + 2*d = -3*q - 10. Determine b(q).
-1
Let t be ((-4)/6)/(12/(-18)). Let j(x) = -4*x**2 - x. What is j(t)?
-5
Let s(k) = -k**2 + k - 2. Let i be 3 + 1 - 20/5. Let m be 1 + (2 - 1) + 0. Suppose i = 2*g - m - 2. Calculate s(g).
-4
Let g(r) = r**2 + 3. Let b(p) = 2*p**2 + p + 7. Let v(k) = 4*b(k) - 10*g(k). Give v(2).
-2
Suppose -18 = -5*u - 3*y, 0*u - 5*u - 4*y = -19. Suppose -u*c - 8 = 7. Let v(m) = m. Determine v(c).
-5
Let z(g) = -7*g**2 + 12*g + 3. Let r(l) = -6*l**2 + 11*l + 2. Let t(u) = -6*r(u) + 5*z(u). What is t(5)?
-2
Let x(j) be the second derivative of 4/3*j**3 + 2*j**2 - 5*j + 1/12*j**4 + 0. Calculate x(-5).
-11
Let l(c) = c**2 + 2*c + 1. Suppose -3*y - 15 = f, 3*f - 4*y = -7*y - 21. What is l(f)?
4
Let u(s) = -s**2 - 9*s - 9. Let h be u(-7). Let f = -10 + h. Let l(b) = b**3 + 4*b**2 - 6*b - 4. What is l(f)?
1
Let j(g) = -g**3 - 3*g**2 + 7*g - 1. Let f = -170 - -165. Calculate j(f).
14
Let s(g) = -g. Let r be (-2 + 3/(-6))*-2. Suppose -1 = 3*o + r. Calculate s(o).
2
Suppose 4*k = -k + 25, 3*k - 17 = -2*m. Let i(j) = 5*j**2. What is i(m)?
5
Let a(i) = -1 + 5*i - 14*i - 2*i**3 + 3*i + 8*i. Give a(2).
-13
Let c(k) = 6*k**2 - 3*k - 9. Let b(r) = -7*r**2 + 2*r + 10. Let v(i) = 5*b(i) + 6*c(i). Give v(4).
-20
Suppose 3*h + s + 7 = 3*s, -4*s = -2*h - 2. Let c = 21 + -18. Let q(u) = 0*u - c*u + 3 + u. What is q(h)?
9
Let t(p) be the second derivative of p**5/20 + p**4/12 - p**3/6 + 3*p**2/2 + 29*p. Give t(0).
3
Let c(r) = r**3 + 12*r**2 + 0 + 8*r - 5*r**2 - 6 - 3*r. Determine c(-6).
0
Let r = 4 - 5. Let q(k) = k**2 - k - 1. Let v(c) = -8*c**3 + c**2 - 3*c - 2. Let g(y) = 2*q(y) - v(y). Determine g(r).
-8
Suppose 0 = -8*y + 2*y + 18. Let q(c) = c**3 + c**2 - c + 1. Let o(u) = -u**3 - 6*u**2 + 4*u + 2. Let z(r) = o(r) + 2*q(r). Determine z(y).
1
Let a(q) = -3. Let b(h) = -h - 1. Let x(p) = -2*a(p) + 6*b(p). Calculate x(4).
-24
Let d(u) = 4*u - 1. Let x be d(1). Let a be -2*(x + -2) - -2. Let s(z) = 2 - 4*z + z + a*z. Calculate s(2).
-4
Let j(a) = 9*a**2 + 4*a + 0*a + 3*a**3 - 7*a. Let o(r) = -2*r**3 - 5*r**2 + 2*r. Let f(i) = -3*j(i) - 5*o(i). Give f(2).
-2
Let o be (-5 - -6)*(-4)/(2/(-2)). Let z(s) = -s + 2. What is z(o)?
-2
Let w(d) = 5*d + d**3 + d**2 + 5*d + 3 + 5*d**2. Let s(z) = z**3 + 6*z**2 + 11*z + 2. Let a(o) = -4*s(o) + 5*w(o). Suppose -3*y - 15 = -0. Calculate a(y).
2
Let x(i) = 6*i**3 + 20*i**2 - 16. Let b(n) = -n**3 - 4*n**2 + 3. Let v(h) = 11*b(h) + 2*x(h). Let y = 7 + -4. Give v(y).
-8
Let k(c) = -c**3 + 7*c**2 + 5. Let i be k(7). Let m(u) = 1 - 5 + i*u - u**2 + 0*u**2. Suppose 5*y + 2*f - 18 = 4*f, 2*f = 3*y - 10. What is m(y)?
0
Let r(n) be the first derivative of -n**3/3 - 7*n**2/2 - 7*n + 40. Determine r(-5).
3
Let a(q) = -q. Let l be a(-2). Let g(v) = -l*v**3 + 7 - 3*v**2 - 3 + 11*v**2 + 8*v + 3*v**3. Calculate g(-7).
-3
Let i(p) = p**2 - p - 4. Let m(o) = -2*o - o**3 + 4 + 8*o + 2*o**3 - 7*o**2. Suppose 5*j = 12*j - 42. Let y be m(j). Calculate i(y).
8
Suppose 2*h - 3*h = -4. Let w = h + -6. Let b(t) = 6*t**3 + 6*t**2 + 10*t + 2. Let i(c) = -c**3 - c**2 - c. Let v(p) = b(p) + 8*i(p). Calculate v(w).
6
Let c(r) be the third derivative of -r**7/1008 + r**6/240 - r**5/60 + 3*r**2. Let l(j) be the third derivative of c(j). Calculate l(2).
-7
Let r = 1 + 1. Let q(t) = 0*t**2 - r*t + t - t**2 + 1 - 2*t**3. Let b(f) = -f**3 - 6*f**2 - 6*f - 4. Let l be b(-5). What is q(l)?
-3
Let w = 7 - 2. Let t(j) = -5*j**2 + 3*j + 3. Let l(a) = -a**2 - a + 1. Let g(i) = 4*l(i) - t(i). Calculate g(w).
-9
Let v(q) = -q**2 + 7*q + 10. Suppose c + 2*p = -c + 12, -c - 4*p = 0. Determine v(c).
2
Let t(z) = -z**2 + 3*z + 1. Suppose 2*l + 10 - 64 = 0. Let d be (l/(-18))/(1/(-2)). Give t(d).
1
Let h(w) = -2*w**3 + 2*w**2 - w + 1. Let g = 107 + -105. Calculate h(g).
-9
Let x(d) be the first derivative of -d**4/4 + 2*d**3/3 + 2*d**2 + 4. Suppose 5*q = -6 + 21. What is x(q)?
3
Let s(v) = -2*v**2 - v + 1. Suppose d + 0*d - 2 = 0. What is s(d)?
-9
Let y(r) be the first derivative of -3*r**2/2 + 3*r - 2. Let d = 16 + -15. Let b(c) = c**2 + c - 1. Let i(q) = d*b(q) + y(q). What is i(3)?
5
Let h(j) = -2*j**2 - 2*j. Suppose -17 = 5*m - n, -2 = 2*m - 3*n + 5*n. What is h(m)?
-12
Suppose w + 8 = 3. Let m(n) = 0*n - 2 - 2*n + 5*n + n**2. Give m(w).
8
Let c(b) = 8*b - 7. Let a(d) = -7*d + 7. Let p(o) = 5*a(o) + 4*c(o). What is p(5)?
-8
Let b be 8/4*5/2. Let p(m) be the third derivative of m**6/120 - m**5/12 - m**4/24 + m**3/2 + 13*m**2. Give p(b).
-2
Let c = 3 - 2. Let h(a) = 7*a**2 + 66 - 65 - a + 0*a. Determine h(c).
7
Let z(r) = -r + 2. Let u(c) = -2*c. Let w be u(5). Let g(b) = -b**2 - 11*b + 1. Let m be g(w). Suppose 0 = -4*t - 1 - m. Determine z(t).
5
Let u = 4 - 5. Let r(s) = -5*s + 1. Let x be r(u). Let b(i) = x*i**2 - 8*i**2 - 2*i - 2 - 1. Determine b(-2).
-7
Let s(r) = r**2 - 6*r + 7. Let a be 4/(-6) - 38/(-3). Suppose -5*f = -a + 62. Let x be 1/2*(0 - f). What is s(x)?
2
Suppose 0 = -2*m - 5*n + 17, 0*n = 2*m - 2*n + 18. Let v(z) be the first derivative of 0*z + z**3 + 3 + 1/4*z**4 - 3/2*z**2. What is v(m)?
-4
Let k be 3 - 0 - (2 + -1) - 2. Let f(w) be the third derivative of -2*w**2 + 1/12*w**4 + 0 + k*w + 2/3*w**3. Give f(-4).
-4
Let b(d) be the first derivative of 0*d**3 - d + 1/2*d**4 + 0*d**2 + 2. Let k = -5 + 4. Calculate b(k).
-3
Let y(u) = -5*u - 2. Let m(l) = -l**2 - 6*l + 18. Let a be m(-8). What is y(a)?
-12
Let g(k) = -k + 7. Suppose -5*c + 15 = -0*c. Suppose -c*a + 5*j = 0, -a + 2*j - 2 = -1. Calculate g(a).
2
Let a be 52/24 + 1 + (-1)/6. Let j(i) = i**3 - 4*i**2 + i. Determine j(a).
-6
Let t(a) = -6. Let i(k) = k + 5. Let z(u) = -4*i(u) - 3*t(u). Let n(f) = -f - 5. Let q = 1 - 4. Let p be n(q). Calculate z(p).
6
Let a(z) be the first derivative of z**3/3 - 3*z**2/2 + 2*z + 2. Let n(b) = b + 1. Let g be (2 - 0/(-2))*-1. Let y(i) = g*n(i) - a(i). Determine y(0).
-4
Let y(c) be the second derivative of -2*c**5/5 - c**4/12 + c**2/2 + c. Calculate y(1).
-8
Let a = 5 - 5. Suppose 5*b = -a + 10. Suppose -o - b*x - 2*x - 12 = 0, 0 = 4*o + x - 12. Let c(r) = -r**2 + 5*r - 2. Give c(o).
2
Let k(v) = v**2 - 10*v + 3. Let l(m) = -m**2 + 11*m - 3. Let q(c) = 6*k(c) + 5*l(c). Suppose 7*f = 4*f - 9. Let u be (-10)/f - 3/9. Calculate q(u).
-3
Let f be (-14)/28*(-11 + -1). Let k(z) = -4*z**2 + 7*z - 9. Let a(q) = -5*q**2 + 7*q - 9. Let w(d) = -3*a(d) + 4*k(d). What is w(f)?
-3
Let d(g) = 7*g - 2. Let u = 1 + 1. Suppose -u*s = -0*s + 4. What is d(s)?
-16
Let t(w) = -w**3 - w**2 - w + 3. Let a be (-2 + -1)*6 - 3. Let c be 1/(-3) - 7/a. Calculate t(c).
3
Let q = 6 + -1. Let w(n) = -n**3 + 5*n**2 + 2. Let i be w(q). Suppose -i*g = g - 6. Let d(z) = -z + 2. What is d(g)?
0
Let x(m) be the second derivative of m**7/840 - m**6/72 + m**5/30 - 5*m**4/24 + m**3/6 - 7*m. Let y(t) be the second derivative of x(t). Determine y(4).
-5
Suppose 20 = -5*y, -5*o + 0*y + 5*y = -90. Let t = o - 5. Suppos